g - 3. Let i(y) = 7*y + 6. Let b(k) = 6*k + 5. Let q(c) = -5*b(c) + 4*i(c). Determine q(r).
-5
Let c(t) = -t. Suppose -3*j + 8 = -4, 2*h - 4 = -j. Let s = h + 4. Give c(s).
-4
Let s(r) = -5*r + 1. Let k(q) = -5*q. Let v(h) = -3*k(h) + 2*s(h). Let m(o) = o - 2 - 2*o - 3*o. Let g(f) = 6*m(f) + 5*v(f). What is g(0)?
-2
Let p(d) = -d**3 + 3*d - 4. Let a = 53 - 56. Give p(a).
14
Let a(k) = -k**3 + k**2 + 3*k + 3. Suppose 3*c - c + 4 = 2*n, 0 = 2*n + 2*c + 4. Suppose 5*w + 2*g - 49 = n, -2*w + 53 = 3*w + 4*g. Let b = w - 6. What is a(b)?
-6
Let z(u) = -u - 8. Let a be z(-7). Let i(p) = -13*p**3 - p**2 + 1. What is i(a)?
13
Let c(q) = -2*q**2 + q + 3*q**2 - 6*q. Calculate c(6).
6
Let d(m) = 2*m**2 - m - 5*m - 4 + m**3 + 3*m**2. Suppose -3 = 4*p + 4*q + 1, 0 = -p + 2*q - 16. Give d(p).
-4
Let c be 106/22 + (-2)/(-11). Let u(j) = -c + 2 + 4 - 3*j. Suppose 3*r - i + 4*i = 0, 2*i = 2*r - 8. Calculate u(r).
-5
Suppose 5*p = 16 - 1. Let u(a) = 3*a - p*a + 1 + 3*a. Let h = 2 - 0. Calculate u(h).
7
Let i(v) = -1 - 13*v**2 - 14*v**2 - 7*v + 26*v**2. Give i(-5).
9
Let y(u) = 0 - 115*u + 0 + 124*u - u**2. Calculate y(8).
8
Let a = 2 + -5. Let n(w) = -w**2 - 2*w + 2. Determine n(a).
-1
Let o(w) = -w**3 - w**2 - 3*w - 1. Suppose -14 = n - 5*x, -1 = -4*x + 15. Suppose 3*r - 3 = -5*y - 2, -4*r - y + 7 = 0. Suppose r*l + n = -l. Determine o(l).
9
Let q(c) be the first derivative of c - 2 - 1/6*c**3 - 5*c**2. Let m(t) be the first derivative of q(t). Give m(-5).
-5
Suppose -5*p + 72 = 4*p. Let w(r) = -r**2 + 10*r - 10. Determine w(p).
6
Let q(g) = g**3 - 2*g**2 - g - 6. Let k be q(3). Let m(t) = t**3 + 8. Calculate m(k).
8
Suppose -o = -5*o + 8. Let n(b) = 3*b + 2. Calculate n(o).
8
Let a(m) be the third derivative of m**4/24 + m**3/3 - 42*m**2. Calculate a(7).
9
Let q(n) = n + 6. Let v be q(-9). Let j(f) = 3*f + 4*f - 4*f + 3. Give j(v).
-6
Let x(d) = -d + 2. Let j be x(0). Suppose -q - 2*q = -5*l - 10, -l = -5*q + j. Let z(u) = 15 + 0*u**3 - u**2 - u**3 - 16 + u. Determine z(l).
1
Let i = 3 + 0. Suppose 0 = -k - i*r + 4 + 5, -r = -2. Let z(g) = g**2 - 2*g - k*g + 4 + 0*g + 0*g**2. Give z(3).
-2
Let h = -64 - -61. Let u(q) be the third derivative of -2*q**2 + 1/6*q**4 + 0*q + 0 + 0*q**3. Determine u(h).
-12
Let j(n) = n**3 + 4*n**2 - 6*n + 4. Let l(v) = -v**2 - 4*v + 1. Let f be l(-3). Suppose -d = -f*d - 15. Determine j(d).
9
Let l = 2 + -5. Let i = l - -2. Let s(v) = -5*v**3 + v**2 + v + 1. What is s(i)?
6
Let z(a) = 1. Let j(y) = -y + 2. Let n(g) = -j(g) - 6*z(g). Suppose -2*c + c + 4*u = -1, -3*c + 5*u = -10. Calculate n(c).
-3
Let p(o) = 4*o - 3. Let a(w) = 5*w - 3. Let t(m) = -5*a(m) + 6*p(m). Let k = -10 - -6. Give t(k).
1
Suppose -5*t + 4*t - 2*l - 2 = 0, 0 = -3*t - 3*l. Let n(q) = -2 + 6 + q - 1 - q**t. Calculate n(4).
-9
Let h(b) be the third derivative of -b**5/60 + b**4/3 + b**3/3 - 21*b**2. Determine h(7).
9
Suppose -4*w = 5*c - 30, 5*w - 22 - 9 = -3*c. Suppose -5*v - 25 = 5*h, -17 + 1 = c*h - 4*v. Let z(j) = -j**3 - 7*j**2 - 4*j + 8. Give z(h).
-4
Let p(y) = 11*y + 12. Let m(f) = 2*f + 2. Let n = 60 - 94. Let q(v) = n*m(v) + 6*p(v). What is q(6)?
-8
Let j(m) = m**2 - 4*m - 1. Suppose -18*f = -12*f - 24. Give j(f).
-1
Let i = -44 - -46. Let a(u) = u**3 - u**2 - u + 1. Determine a(i).
3
Let x be 20/15 - 1/3. Suppose -3*l = -13 + x. Suppose -2*r + l*r - 10 = 0. Let h(b) = b + 4. Determine h(r).
9
Let m(x) = -x + 2*x + 2*x. What is m(-3)?
-9
Let v(c) = c**2 - c + 14. Let m be 7/3 + 4/(-12). Suppose 0 = i + 2, i + 0*i = -2*k - m. Calculate v(k).
14
Let a(v) = -v**3 + 5*v**2 - v - 7. Let g be a(4). Let r be (-1)/(6/(-4) - -1). Let l(x) = -4 - r - x**2 + 6*x + 1. What is l(g)?
0
Let g = -6 + 11. Suppose -4*v + 3 = -g. Let p = 5 - v. Let c(x) = x - 4. Calculate c(p).
-1
Let y(v) = 3*v**2 - 11*v + 10. Let s(i) = -2*i**2 + 7*i - 7. Let b(q) = -7*s(q) - 5*y(q). What is b(6)?
-1
Let w(x) = 2*x + 5. Let o(m) = 2*m + 4. Let v(u) = 4*o(u) - 3*w(u). Suppose h + 2*q + 7 = 0, 3*h - q + 4*q + 18 = 0. Let d be 2/(-2 - 8/h). Determine v(d).
-9
Let u(b) = 2 - 6 + b - 4*b. Let d(y) be the third derivative of -y**5/60 - y**4/4 + 19*y**3/6 + 9*y**2. Let n be d(-8). Calculate u(n).
-13
Let i(v) = -3 + v + v - v**3 - 4 + 6*v**2. Let u(d) = d**3 + 3*d**2 + 2. Let l be u(-2). Give i(l).
5
Let s(d) = -d**2 + d - 5. Suppose 0 = 2*l + 3 + 1. Let w be (-3)/((-9)/24) + 1. Let t be l/w - (-6)/27. Calculate s(t).
-5
Suppose 3*y + 3 = 5*i, 2*i + 6 = y + 2*y. Suppose -y*u = 4*l - 4, 5*u + 29 + 16 = 5*l. Let z(t) = t**3 - 6*t**2 + 4*t + 1. What is z(l)?
-4
Let f(t) = 2*t**2 + 2*t**2 + 2*t - 3*t**2. Let m(c) = c**2 + 8*c + 8. Let a be m(-6). Calculate f(a).
8
Let a(q) = -12 + 17 - 12 + 6*q - q**2. Determine a(6).
-7
Let v(x) be the first derivative of 5*x**2/2 - 4. Calculate v(-1).
-5
Let b(c) be the second derivative of -c**5/20 + c**4/3 - c**3/3 + 2*c**2 - 17*c. Calculate b(4).
-4
Let k(u) be the third derivative of u**4/12 - 7*u**3/6 + 3*u**2. Let j(p) = -2*p - 3. Suppose b - 2 = -6. Let d be j(b). Calculate k(d).
3
Let u(x) be the first derivative of -x**5/20 - x**4/12 + 5*x**3/6 + 3*x**2/2 - 6*x - 8. Let d(p) be the first derivative of u(p). Calculate d(-3).
6
Let p be (-4)/16 + (-34)/(-8). Suppose 5*y = p*y - 4. Let g(o) = -o - 5. Determine g(y).
-1
Let u(q) = 4 + 3*q**2 - 5 - 120*q + 119*q. What is u(-1)?
3
Let n be 1/2*2*-5. Let q(b) = b**3 - 2*b - 3 - 3*b**2 + 9*b**2 + 2*b + 2*b. What is q(n)?
12
Let g be 0*(3 + (-7)/2). Suppose g = -3*f - f + 8. Let m(j) = -3*j**2 + 2*j. Determine m(f).
-8
Let z(p) be the first derivative of -1 + 1/3*p**3 - 5/2*p**2 + 4*p. Calculate z(3).
-2
Suppose -b - r = b + 1, 3*r + 15 = 0. Let o be (-3)/(-3)*4/b. Let a(h) = 0*h**2 + 0 + 0*h**o + h**2 - 2 - 4*h. Determine a(4).
-2
Let u(g) = -3*g**2 + 2*g - 3. Let v(d) = 2*d**2 - 2*d + 3. Let r(t) = -3*u(t) - 4*v(t). Calculate r(2).
5
Let k(g) = -g**3 - 4*g**2 + 6*g + 7. Let f be k(-5). Let x(t) = 3*t**2 + t**3 + f*t**2 + 2 - 3 + 3*t. Let c(i) = i - 13. Let v be c(9). Give x(v).
3
Suppose -3*f - f + 16 = 0. Suppose 2 = f*g + 6. Let y(a) = 1 - a**2 + a**2 - 5*a**2. What is y(g)?
-4
Let b(q) = q**3 - q**2 + 1. Let m be b(-1). Let x be (-1 - (-6)/(-3))/m. Let v(o) = -2*o + 2. Give v(x).
-4
Let w(v) be the third derivative of -v**6/120 - v**5/10 + 2*v**3/3 + 2*v**2. Let t be 8/(-12)*(2 - -7). Calculate w(t).
4
Let b(a) be the second derivative of a**4/12 + a**3/2 + 9*a. Give b(-3).
0
Let f(i) be the third derivative of 0*i + i**2 + 0 + 7/6*i**3 - 1/12*i**5 - 1/120*i**6 + 1/8*i**4. Let z = 5 - 10. What is f(z)?
-8
Suppose z = -3*v + 2*v + 4, -3*v + 12 = -3*z. Let f(q) = z*q + q - q**2 - 3 - 5*q + q. What is f(-4)?
-7
Let k(l) = l**2 - 6*l. Let d(c) = -5*c**2 + 25*c + 1. Let p(v) = -2*d(v) - 9*k(v). Determine p(-7).
19
Let n(c) = 11 - 2*c**2 + 0*c**2 + 0*c + 9*c. Suppose 0*p + 2*p + 18 = 0. Let d(r) = r**2 - 4*r - 5. Let x(v) = p*d(v) - 4*n(v). Calculate x(2).
-3
Let q(d) = -21*d - 6 - 4 + 22*d. Determine q(7).
-3
Let c be (-12)/3*(-2)/(-4). Let t(p) = 2*p**2 - 2*p - 1. Calculate t(c).
11
Let i(q) = -q**2 + 8*q - 6. Let m be -8 + 5 - (0 - -11). Let t = 20 + m. Determine i(t).
6
Let v(l) = -3*l - 6. Let x(m) = 4*m + 7. Let t(i) = -3*v(i) - 2*x(i). Give t(-3).
1
Suppose b + 2 = -6. Let w be 6/b + 2/(-8). Let f(q) = -4*q**3 - 1 + 0*q**3 + 0 + q**2. What is f(w)?
4
Let u(p) = -5*p**3 - 2*p**2 + 6*p + 5. Suppose l + l + 8 = 0. Let n(s) = s**3 + s**2 - s - 1. Let a(q) = l*n(q) - u(q). Suppose 4 - 1 = -3*j. Give a(j).
-2
Let z(j) = -j**2 - 7*j + 6. Let u be z(-7). Suppose -v - 2*v = -u. Let i(w) = -3 + w + 2*w + v*w + w**2 - 2*w. Give i(-4).
1
Let q(x) = 2*x**2 - x - 1. Let l be q(2). Let d = l + -8. Let j(c) be the third derivative of c**4/24 - c**3/6 + c**2. Calculate j(d).
-4
Let c(k) = k**3 + 6*k**2 - k + 4. Suppose 3*r + 3 + 15 = 0. Determine c(r).
10
Let j(b) be the third derivative of b**6/120 + b**5/60 + b**4/24 - 5*b**3/6 + 33*b**2. Let x = 1 - 1. Determine j(x).
-5
Let y be (-1)/(-2)*(7 - 1). Let g(u) be the second derivative of u**4/12 - u**3/2 - 3*u**2/2 + 3*u. Determine g(y).
-3
Let q(c) = -c - 3. Suppose 2*i = -0*i + 2. Suppose -l + i = 4. Calculate q(l).
0
Let b be (-7)/(-1 + (2 - 0)). Let a(j) = j**2 + 2*j - 7. Let o(z) = -z**2 - 3*z + 7. Let l(g) = 2*a(g) + 3*o(g). What is l(b)?
-7
Suppose 5*f + f - 1